What are the prime factors of b?
2, 47
Suppose -2*g + 13*g = 43274. List the prime factors of g.
2, 7, 281
List the prime factors of ((-90)/63)/5 - 11594/(-7).
2, 3, 23
Let r(h) = 2*h**3 - 2*h**2 - 8 - 3*h**3 + 8*h - 7*h**2. Suppose -3*v = 5*x + 50, v - 20 = x + x. What are the prime factors of r(x)?
2, 3
Suppose -3*o = 5*r - r + 4, -2*o + 4*r = 16. Let z(j) = 2*j + 2. Let p be z(o). Let f = 14 + p. What are the prime factors of f?
2
Let a(b) = 11*b**3 + b**2 - b + 1. Let l(m) = m**2 - 4*m + 4. Let w be l(3). Let i be a(w). Suppose -y = -12 - i. What are the prime factors of y?
2, 3
Let f(b) = b**3 + 28*b**2 + 18*b - 55. Let u(g) = -8*g + 29. Let q be u(7). List the prime factors of f(q).
2, 47
Let h = 59 + -57. List the prime factors of (0 + -66 + h)/(-2).
2
What are the prime factors of (-10)/40 + (23583/12)/1?
3, 5, 131
Suppose 2*k + 13 = 2*j - k, 0 = -5*j + k. What are the prime factors of j/((2/4)/(294/(-12)))?
7
Let z = 1329 - 987. List the prime factors of z.
2, 3, 19
Let q(d) = -d**3 + 4*d**2 + 5*d + 5. Let z be q(5). Let r be (14/(-12))/((-3)/18). Let h = z + r. What are the prime factors of h?
2, 3
Let b be (-33)/((3/4)/(-1)). Suppose 5*o = -a + b, 4*a + 5*o - 45 = 116. List the prime factors of a.
3, 13
List the prime factors of (-1)/((-298674)/(-27153) - 11).
7, 431
Suppose 0 = 3*t - 7*t + 3284. List the prime factors of t.
821
Let h = 8 - 0. Suppose -3*p + p + 972 = -4*s, -4*s + 1408 = 3*p. List the prime factors of p/h + (-2)/4.
59
Suppose 0 = s - 4*p + 22, 0 = 2*s - 4*p + 26 + 18. List the prime factors of ((-41400)/(-99) - (-4)/s)/2.
11, 19
Let f = 238 + -172. List the prime factors of f.
2, 3, 11
Suppose 4*y - 2422 = -10*y. List the prime factors of y.
173
Suppose -y + 6*y = 1685. Suppose -144 = -2*n - 5*w, -3*n + 8*n + w - y = 0. List the prime factors of n.
67
Let x(u) = -u**2 - 3. Let y be x(4). Let l(f) = 12*f + 104. Let p be l(-11). Let h = y - p. What are the prime factors of h?
3
Let o(c) = 3*c**2 - 6*c - 3. Let k(y) = -y**2 - 1. Let u(l) = -l + 3. Let x be u(5). Let a(i) = x*k(i) - o(i). What are the prime factors of a(6)?
5
Let c = 66 + 27. Let z = 171 - c. What are the prime factors of z?
2, 3, 13
Let p be (46/(-4))/(5/90). Let g = 64 - p. List the prime factors of g.
271
Let i = 3421 + -2429. What are the prime factors of i?
2, 31
Suppose -7974 - 638 = -4*n. List the prime factors of n.
2153
Let d = 14 + -8. Let i be 1228/14 - d/(-21). Suppose 0 = 3*g - 4*p - i, -4*p + 0 = 4. What are the prime factors of g?
2, 7
Suppose -2*c = -3*c + 3*t + 107, -2*t = 6. Let p = c + -70. What are the prime factors of p?
2, 7
Let j(g) = -24*g**3 + 2*g**2 - 1. Let w be j(-1). Suppose 20*l = w*l + 20. List the prime factors of (-1 - l - -20)*1.
23
Let h be 9/6*(27 - 3). List the prime factors of (h*(-6)/4)/(-2).
3
Let m(s) = -21*s - 903. List the prime factors of m(-51).
2, 3, 7
Suppose 0*b = -4*a - 3*b + 500, -3*a - 5*b = -375. Let f = a - 86. What are the prime factors of f?
3, 13
Let z(f) = f**2 - 2*f - 4. Let y be z(4). Suppose q - 1 = y. Suppose -2*v + u - 2*u + 80 = 0, u + 214 = q*v. What are the prime factors of v?
2, 3, 7
Suppose 0 = -2*f + 6, -k - 15 = -4*k - 5*f. Suppose 169*o - 173*o + 1276 = k. List the prime factors of o.
11, 29
Suppose -99674 = -42*n + 115366. List the prime factors of n.
2, 5
Let i(t) = t**2 - t - 1. Let p be i(-3). Suppose 0 = -6*b + p*b + 80. List the prime factors of 18/81 - b/9.
2
Suppose -19299 = -6*d + 7683. List the prime factors of d.
3, 1499
Suppose 3*s + 3 = 4*s. Let w be s*(3 - 3/(-3)). Suppose -6*b + 8*b - w = 0. What are the prime factors of b?
2, 3
Suppose 132*a = 206*a - 230732. List the prime factors of a.
2, 1559
Let a(d) = -2 + 4 - 320*d + 1 + 321*d - d**2. Let s(b) = b**3 + 6*b**2 + b + 6. Let n be s(-6). What are the prime factors of a(n)?
3
Let a(r) = -r + 2. Let j be a(-1). Suppose 112 + 51 = z - 5*u, z = j*u + 167. What are the prime factors of z?
173
Suppose 7*y - 2*y = 3*x + 3849, -2*y + 4*x + 1534 = 0. What are the prime factors of y?
3, 257
Let v(x) = 21*x**2 - 3*x + 5. Let o be v(2). Let z = 126 - o. List the prime factors of z.
43
Suppose -4*l + 1 = d, -5 = -2*l + 2*d - 7*d. Suppose -6*i + 5*i - 3 = l. Let v = 1 - i. List the prime factors of v.
2
Let z = -57 + 89. Suppose 5*m - 1 - 4 = -4*p, 4*m = 4*p - z. What are the prime factors of m - (-66)/(-9)*-6?
41
Let g = 2993 - 1028. What are the prime factors of g?
3, 5, 131
Let m be 1 + 6 + (1 - 1). Let c(h) be the third derivative of h**4/24 + 7*h**3/6 + 45*h**2. What are the prime factors of c(m)?
2, 7
Let o be 18660/9 + 20/12. What are the prime factors of (-2)/6 - o/(-15)?
2, 3, 23
Let w = -51 + 29. Let y = 16 - w. List the prime factors of y.
2, 19
Let i be (10/(-4))/((-2)/(-4)). Let g(b) = b + 7. Let j be g(i). Suppose -3*c + 25 = -5*r, j*r = -c + 5*r + 7. What are the prime factors of c?
2, 5
Let u(d) = d**3 - 2*d**2 - d + 3. Let o = 24 - 21. Let m be u(o). Suppose 0 = -v + m - 5. What are the prime factors of v?
2
Let b = 236 - -165. What are the prime factors of b?
401
Let r be (-59114)/(-187) - (-4)/(-34). Let o = -136 + r. What are the prime factors of o?
2, 3, 5
What are the prime factors of (-3880)/(-140) - (0 + 6/(-21))?
2, 7
Suppose -3 = z - 71. Let s = z + -39. Let j = s - 10. List the prime factors of j.
19
Let j(l) = 480*l + 23. What are the prime factors of j(8)?
3863
Let k(g) = -38*g + 714. List the prime factors of k(-56).
2, 7, 29
Let k = -1155 + 2383. List the prime factors of k.
2, 307
Let n be (-25)/(-5)*(2 + -3). Let r = -3 - -6. List the prime factors of 5*r*(-9)/n.
3
Suppose -l + 15 = -20. Let h = 66 - l. Suppose 4*t - 83 = y, t + 3*y - h = -t. List the prime factors of t.
2, 5
What are the prime factors of (4516/(-1))/(-4)*(5 - 4)?
1129
Let s = -5 + 3. Let y be 820/(-50) - s/5. Let f = y - -45. What are the prime factors of f?
29
Suppose 3*b = 4*h + 68, -22 = -5*b - h + 53. What are the prime factors of b?
2
Suppose -2*a - 59 = a + 2*o, -4*a - 72 = -4*o. Let i = 67 + -39. Let f = a + i. List the prime factors of f.
3
Let c = 20 - 15. Let n(f) = -f**3 + 5*f**2 + f - 3. Let d be n(c). Suppose -d*h + 2*j = 7*j - 64, 2*j = 5*h - 189. List the prime factors of h.
37
Suppose 0 = 5*k + 4*p - 25 - 55, -50 = -5*k + 2*p. Suppose -q + k - 3 = 0. What are the prime factors of q?
3
Let p(a) = -a**3 + 13*a**2 - 17*a - 5. Let v be p(12). Let c = -140 - v. Let j = -47 - c. List the prime factors of j.
2, 7
Let m(z) = 152*z**3 - 2*z**2 - 2*z - 1. Let a be m(-1). Let s = a - -237. What are the prime factors of s?
2, 3, 7
Let o(g) = -g**2 + 8*g - 8. Let k be o(7). List the prime factors of (-209)/k - (1 + 1).
3, 23
Let j(g) be the second derivative of -3/2*g**2 + g - g**3 + 0. List the prime factors of j(-4).
3, 7
Let u be ((-1080)/70)/((-6)/28). Suppose -h + 210 = 5*s, 883 = 4*h - 3*s - u. List the prime factors of h.
5, 47
Let u(z) be the third derivative of 9*z**5/20 + z**4/6 - 2*z**3/3 - 17*z**2. List the prime factors of u(1).
3
Let a(h) = 6*h**2 - 1. Let c be a(-1). Suppose t = u + c, u - 2 = -2*t + 2. Suppose 6 + 11 = 5*x - t*j, -5*x = 3*j - 23. List the prime factors of x.
2
Suppose 331*k - 328*k - 885 = 0. List the prime factors of k.
5, 59
Suppose 15 = 5*h, -h - 3*h = 3*x. Let a(f) be the third derivative of -f**4/24 + 2*f**3/3 + 4*f**2. What are the prime factors of a(x)?
2
Suppose 0 = 5*p + 4*c - 6470, -4*p + 4*c - 1402 = -6614. List the prime factors of p.
2, 11, 59
Let x = 3583 + -2481. List the prime factors of x.
2, 19, 29
Suppose 4*z = 2*z. Suppose 0 = -z*q + q. Suppose q*v = -v + 34. What are the prime factors of v?
2, 17
What are the prime factors of (-208)/4*(-49)/28?
7, 13
Suppose -2*u + 13 = 3. Suppose -3*m = -5*n - 474, -u*m - n + 676 + 86 = 0. What are the prime factors of m?
3, 17
Suppose 2*m = 16*m - 350. List the prime factors of 2/m*5*610.
2, 61
Suppose -1 = m, -6023 + 2120 = -2*n - 5*m. List the prime factors of n.
2, 977
Suppose 5*y + 3*v = 4288, 4*y + 7*v - 4*v = 3431. List the prime factors of y.
857
Let v = 81 + 15. List the prime factors of v.
2, 3
Suppose -26 = y - o, 2*y + 65 - 8 = -3*o. Let c = y - -66. What are the prime factors of c?
3, 13
Let m be (-1746)/(-63) - 2/(-7). Suppose 20 = -2*s + m. Suppose 2*g = s*g - 10, -2*g = -2*p + 16. What are the prime factors of p?
13
Let